35780.
10
What is the greatest common divisor of 283024 and 62377?
931
Calculate the highest common factor of 6748 and 28.
28
What is the greatest common divisor of 398284 and 4?
4
What is the greatest common divisor of 5 and 49072?
1
Calculate the highest common factor of 16537 and 115.
23
Calculate the highest common divisor of 139605 and 105.
15
Calculate the highest common divisor of 184 and 203366.
46
Calculate the highest common factor of 15810 and 118830.
510
Calculate the greatest common divisor of 2948 and 4288.
268
Calculate the highest common divisor of 1619688 and 84.
84
Calculate the greatest common divisor of 9 and 2919.
3
What is the greatest common factor of 6405503 and 26?
13
Calculate the highest common factor of 2975 and 5117.
119
What is the highest common factor of 136939 and 633?
211
What is the highest common factor of 247637 and 17329?
559
Calculate the greatest common divisor of 177649 and 236.
59
What is the greatest common divisor of 28296 and 648?
216
What is the greatest common divisor of 4348 and 100?
4
Calculate the highest common divisor of 209356 and 224.
28
What is the greatest common factor of 44 and 3443?
11
What is the highest common divisor of 267454 and 110?
22
What is the greatest common factor of 3821320 and 140?
20
What is the greatest common divisor of 11988 and 2781?
27
Calculate the greatest common divisor of 1700532 and 36.
36
Calculate the greatest common factor of 618639 and 801.
267
What is the highest common divisor of 232 and 1344788?
116
Calculate the highest common factor of 732 and 144204.
732
Calculate the highest common factor of 199 and 199995.
199
What is the greatest common divisor of 35266 and 132?
22
What is the greatest common divisor of 84420 and 1008?
252
Calculate the highest common factor of 189216 and 1350.
54
What is the highest common factor of 92 and 2729318?
46
Calculate the highest common divisor of 39180 and 28800.
60
What is the greatest common factor of 30299 and 500303?
739
What is the greatest common divisor of 1332 and 295908?
12
Calculate the greatest common factor of 1205 and 295.
5
What is the highest common factor of 1112 and 719742?
278
What is the greatest common factor of 91 and 465829?
91
What is the highest common factor of 635635 and 440?
55
What is the highest common divisor of 1482988 and 247?
247
What is the highest common divisor of 3095 and 97183?
619
What is the highest common factor of 3534 and 104747?
19
What is the greatest common factor of 600 and 387300?
300
What is the highest common divisor of 91268 and 4?
4
What is the greatest common divisor of 363 and 8943?
33
What is the greatest common divisor of 15 and 12981?
3
What is the greatest common factor of 12999 and 3297?
21
Calculate the greatest common factor of 9400 and 7400.
200
What is the highest common factor of 476 and 434?
14
What is the greatest common divisor of 2801856 and 32?
32
Calculate the highest common divisor of 2 and 380162.
2
Calculate the highest common factor of 816120 and 9.
9
What is the greatest common factor of 703775 and 75?
25
Calculate the highest common factor of 13008 and 210.
6
What is the highest common factor of 1508 and 55406?
26
Calculate the greatest common divisor of 2079 and 861.
21
What is the highest common factor of 1340868 and 228?
228
Calculate the greatest common divisor of 1816 and 24743.
227
Calculate the highest common factor of 4561 and 25.
1
What is the greatest common factor of 80094 and 588?
42
What is the greatest common factor of 413467 and 904?
113
Calculate the highest common divisor of 3552 and 1248.
96
What is the highest common divisor of 930 and 723075?
465
Calculate the highest common divisor of 790614 and 27.
27
What is the highest common divisor of 35 and 5411?
7
Calculate the greatest common divisor of 12 and 1500.
12
Calculate the greatest common divisor of 10496 and 779.
41
What is the highest common divisor of 392 and 2400104?
56
What is the highest common divisor of 4863690 and 26?
26
What is the greatest common divisor of 252 and 4988?
4
Calculate the highest common factor of 3432 and 6456.
24
What is the highest common divisor of 470 and 1908670?
470
Calculate the highest common divisor of 48 and 1867344.
48
What is the highest common divisor of 134 and 36247?
67
Calculate the greatest common divisor of 54 and 89202.
6
Calculate the highest common factor of 1955052 and 198.
198
Calculate the greatest common factor of 720 and 356.
4
What is the greatest common divisor of 1863 and 54?
27
What is the highest common factor of 22413 and 241?
241
Calculate the highest common factor of 103380 and 4860.
60
What is the greatest common factor of 50252 and 1887?
17
What is the greatest common factor of 18 and 210934?
2
What is the greatest common divisor of 432 and 35694?
54
What is the highest common divisor of 88 and 12353?
11
Calculate the greatest common factor of 590 and 272.
2
What is the highest common factor of 1804 and 132143?
451
What is the greatest common divisor of 24 and 43692?
12
Calculate the greatest common divisor of 5491 and 369835.
323
Calculate the greatest common factor of 1550637 and 66.
33
What is the highest common divisor of 54880 and 64?
32
What is the greatest common factor of 1338 and 3360?
6
What is the highest common divisor of 1794 and 1609816?
598
Calculate the greatest common divisor of 27 and 228303.
9
Calculate the highest common divisor of 69 and 18584.
23
What is the greatest common divisor of 265171 and 1874?
937
Calculate the highest common factor of 14544 and 40905.
909
Calculate the highest common divisor of 114 and 1150298.
38
Calculate the greatest common factor of 88145 and 85.
85
Calculate the highest common divisor of 14191 and 253.
23
What is the highest common factor of 10896 and 936?
24
What is the greatest common divisor of 84 and 43869?
21
What is the highest common divisor of 536 and 48709?
67
Calculate the highest common factor of 971585 and 215.
215
Calculate the greatest common factor of 392040 and 480.
120
Calculate the highest common factor of 7012005 and 2002.
1001
Calculate the highest common divisor of 3654087 and 582.
291
What is the greatest common divisor of 512 and 171328?
64
What is the greatest common factor of 2640 and 69?
3
What is the greatest common divisor of 1105 and 41327?
221
What is the greatest common factor of 17802 and 688?
86
What is the highest common factor of 177 and 1097931?
177
What is the highest common divisor of 1540 and 472164?
308
Calculate the highest common divisor of 7344 and 14832.
144
What is the greatest common divisor of 3038 and 2232?
62
Calculate the highest common divisor of 15225 and 5565.
105
What is the highest common divisor of 590 and 923645?
295
What is the greatest common factor of 129816 and 24?
24
What is the greatest common divisor of 11 and 165913?
11
Calculate the highest common divisor of 34 and 307955.
17
What is the highest common divisor of 184 and 1543208?
184
What is the greatest common divisor of 2945 and 37905?
95
Calculate the greatest common divisor of 2695 and 2303.
49
Calculate the highest common factor of 18 and 3427434.
18
What is the greatest common factor of 60372 and 1755?
351
What is the greatest common divisor of 184795 and 325?
65
What is the highest common divisor of 258 and 817946?
86
What is the greatest common factor of 33 and 90442?
11
What is the greatest common factor of 7490 and 5110?
70
What is the highest common factor of 6480 and 10320?
240
What is the greatest common divisor of 3091 and 481072?
281
What is the greatest common divisor of 5738 and 604?
302
What is the greatest common divisor of 315432 and 337?
337
What is the greatest common factor of 3234 and 27181?
77
What is the greatest common divisor of 1101 and 2233929?
1101
Calculate the highest common divisor of 225 and 108645.
15
What is the highest common factor of 240 and 7260?
60
Calculate the greatest common divisor of 85 and 906755.
5
What is the highest common factor of 11830 and 42?
14
What is the highest common factor of 2622 and 9062?
46
What is the greatest common divisor of 49252 and 196?
28
What is the greatest common factor of 1660 and 683090?
830
Calculate the highest common divisor of 406656 and 128.
128
Calculate the g